{"id":12193,"date":"2025-02-22T13:36:28","date_gmt":"2025-02-22T12:36:28","guid":{"rendered":"https:\/\/www.aenzischraenzer.ch\/?page_id=12193"},"modified":"2025-03-13T20:09:51","modified_gmt":"2025-03-13T19:09:51","slug":"guggifaescht","status":"publish","type":"page","link":"https:\/\/www.aenzischraenzer.ch\/?page_id=12193","title":{"rendered":"Guggif\u00e4scht"},"content":{"rendered":"<h3 style=\"text-align: center;\"><a href=\"https:\/\/www.aenzischraenzer.ch\/?page_id=12187\">Guggif\u00e4scht Aufstellen<\/a><\/h3>\n<h3 style=\"text-align: center;\"><a href=\"https:\/\/www.aenzischraenzer.ch\/?page_id=12438\">Guggif\u00e4scht Freitag<\/a><\/h3>\n<h3 style=\"text-align: center;\"><a href=\"https:\/\/www.aenzischraenzer.ch\/?page_id=12696\">Guggif\u00e4scht Samstag Teil 1<\/a><\/h3>\n<h3 style=\"text-align: center;\"><a href=\"https:\/\/www.aenzischraenzer.ch\/?page_id=12919\">Guggif\u00e4scht Samstag Teil 2<\/a><\/h3>\n<h3 style=\"text-align: center;\"><a href=\"https:\/\/www.aenzischraenzer.ch\/?page_id=12976\">Guggif\u00e4scht Samstag Teil 3<\/a><\/h3>\n<p>&nbsp;<\/p>\n<h3 style=\"text-align: center;\"><\/h3>\n","protected":false},"excerpt":{"rendered":"<p>Guggif\u00e4scht Aufstellen Guggif\u00e4scht Freitag Guggif\u00e4scht Samstag Teil 1 Guggif\u00e4scht Samstag Teil 2 Guggif\u00e4scht Samstag Teil 3 &nbsp;<\/p>\n","protected":false},"author":2,"featured_media":0,"parent":11257,"menu_order":1,"comment_status":"closed","ping_status":"closed","template":"","meta":{"footnotes":""},"class_list":["post-12193","page","type-page","status-publish","hentry"],"_links":{"self":[{"href":"https:\/\/www.aenzischraenzer.ch\/index.php?rest_route=\/wp\/v2\/pages\/12193","targetHints":{"allow":["GET"]}}],"collection":[{"href":"https:\/\/www.aenzischraenzer.ch\/index.php?rest_route=\/wp\/v2\/pages"}],"about":[{"href":"https:\/\/www.aenzischraenzer.ch\/index.php?rest_route=\/wp\/v2\/types\/page"}],"author":[{"embeddable":true,"href":"https:\/\/www.aenzischraenzer.ch\/index.php?rest_route=\/wp\/v2\/users\/2"}],"replies":[{"embeddable":true,"href":"https:\/\/www.aenzischraenzer.ch\/index.php?rest_route=%2Fwp%2Fv2%2Fcomments&post=12193"}],"version-history":[{"count":15,"href":"https:\/\/www.aenzischraenzer.ch\/index.php?rest_route=\/wp\/v2\/pages\/12193\/revisions"}],"predecessor-version":[{"id":13590,"href":"https:\/\/www.aenzischraenzer.ch\/index.php?rest_route=\/wp\/v2\/pages\/12193\/revisions\/13590"}],"up":[{"embeddable":true,"href":"https:\/\/www.aenzischraenzer.ch\/index.php?rest_route=\/wp\/v2\/pages\/11257"}],"wp:attachment":[{"href":"https:\/\/www.aenzischraenzer.ch\/index.php?rest_route=%2Fwp%2Fv2%2Fmedia&parent=12193"}],"curies":[{"name":"wp","href":"https:\/\/api.w.org\/{rel}","templated":true}]}}