{"id":2413,"date":"2018-11-14T21:23:47","date_gmt":"2018-11-14T20:23:47","guid":{"rendered":"https:\/\/www.aenzischraenzer.ch\/?page_id=2413"},"modified":"2026-03-29T13:53:48","modified_gmt":"2026-03-29T12:53:48","slug":"geschichte","status":"publish","type":"page","link":"https:\/\/www.aenzischraenzer.ch\/?page_id=2413","title":{"rendered":"GESCHICHTE"},"content":{"rendered":"\n<p>&nbsp;<\/p>\n\n\n\n<figure class=\"wp-block-table\"><table class=\"has-fixed-layout\"><tbody><tr><td><strong>Jahr<\/strong><\/td><td><strong>Pr\u00e4sident(in)<\/strong><\/td><td><strong>Tambourmajor(in)<\/strong><\/td><td><strong>Motto<\/strong><\/td><\/tr><tr><td>1989\/1990<p><\/p>\n<p>1990\/1991<\/p><\/td><td>Luzia Dubach<p><\/p>\n<p>Luzia Dubach<\/p><\/td><td>Gregor Kunz<p><\/p>\n<p>Gregor Kunz<\/p><\/td><td>Fr\u00f6sche<p><\/p>\n<p>1001 Nacht<\/p><\/td><\/tr><tr><td>1991\/1992<p><\/p>\n<p>1992\/1993<\/p><\/td><td>Luzia Dubach<p><\/p>\n<p>Luzia Dubach<\/p><\/td><td>Pius Hodel<p><\/p>\n<p>Pius Hodel<\/p><\/td><td>Karibik-Tr\u00e4ume<p><\/p>\n<p>Feuer und Eis<\/p><\/td><\/tr><tr><td>\n<p style=\"text-align: left;\">1993\/1994<\/p>\n<p style=\"text-align: left;\">1994\/1995<\/p>\n<p style=\"text-align: left;\">1995\/1996<\/p>\n<p style=\"text-align: left;\">1996\/1997<\/p>\n<\/td><td class=\"has-text-align-left\" data-align=\"left\">Bruno Gr\u00fcter<p><\/p>\n<p>Bruno Gr\u00fcter<\/p>\n<p>Bruno Gr\u00fcter<\/p>\n<p>Bruno Gr\u00fcter<\/p><\/td><td class=\"has-text-align-left\" data-align=\"left\">Pius Hodel<p><\/p>\n<p>Pius Hodel<\/p>\n<p>Pius Hodel<\/p>\n<p>Pius Hodel<\/p><\/td><td>\n<p style=\"text-align: left;\">Hexen<\/p>\n<p style=\"text-align: left;\">Totauned normau<\/p>\n<p style=\"text-align: left;\">Samuarai<\/p>\n<p>Future in Colors<\/p><\/td><\/tr><tr><td>1997\/1998<\/td><td>Reto Bieri\/Willi R\u00f6lli<\/td><td>Pius Hodel<\/td><td>Bruchpilote<\/td><\/tr><tr><td>1998\/1999<\/td><td>Willi R\u00f6lli<\/td><td>&nbsp;Pius Hodel<\/td><td>Vogel der Nacht<\/td><\/tr><tr><td>1999\/2000<p><\/p>\n<p>2000\/2001<\/p><\/td><td>Willi R\u00f6lli<p><\/p>\n<p>Willi R\u00f6lli<\/p><\/td><td>&nbsp;Stefan Buob<p><\/p>\n<p>Stefan Buob<\/p><\/td><td>&nbsp;Ocean Wave<p><\/p>\n<p>Nastrovia<\/p><\/td><\/tr><tr><td>2001\/2002<\/td><td>Willi R\u00f6lli<\/td><td>Matthias Wermelinger<\/td><td>Teuflisch gut<\/td><\/tr><tr><td>2002\/2003<p><\/p>\n<p>2003\/2004<\/p><\/td><td>Philipp Wipr\u00e4chtiger<p><\/p>\n<p>Philipp Wipr\u00e4chtiger<\/p><\/td><td>Matthias Wermelinger<p><\/p>\n<p>Matthias Wermelinger<\/p><\/td><td>Animal Look<p><\/p>\n<p>Gr\u00fcen ond s\u00f6scht e chli scharf<\/p><\/td><\/tr><tr><td>2004\/2005<\/td><td>Philipp Wipr\u00e4chtiger<\/td><td>Andrea Kurmann<\/td><td>&nbsp;Steiziitig<\/td><\/tr><tr><td>2005\/2006<p><\/p>\n<p>2006\/2007<\/p><\/td><td>&nbsp;Stefan M\u00fcller<p><\/p>\n<p>Stefan M\u00fcller<\/p><\/td><td>Andrea Kurmann<p><\/p>\n<p>Andrea Kurmann<\/p><\/td><td>G&#8217;houe oder G&#8217;stoche<p><\/p>\n<p>Ned besser, aber l\u00e4nger<\/p><\/td><\/tr><tr><td>2007\/2008<p><\/p>\n<p>2008\/2009<\/p><\/td><td>&nbsp;Stefan M\u00fcller<p><\/p>\n<p>Stefan M\u00fcller<\/p><\/td><td>Michael Hodel<p><\/p>\n<p>Michael Hodel<\/p><\/td><td>Mer send kei R\u00f6cklitr\u00e4ger<p><\/p>\n<p>\u00c4NZGI ZW\u00c4NZGI<\/p>\n<p>&nbsp;<\/p><\/td><\/tr><tr><td>2009\/2010<p><\/p>\n<p>2010\/2011<\/p><\/td><td>Daniel R\u00f6lli<p><\/p>\n<p>Daniel R\u00f6lli<\/p><\/td><td>Michael Hodel<p><\/p>\n<p>Michael Hodel<\/p><\/td><td>D\u00fcstere Legenden<p><\/p>\n<p>G\u00f6schenen-Airolo<\/p><\/td><\/tr><tr><td>2011\/2012<p><\/p>\n<p>2012\/2013<\/p><\/td><td>Daniel R\u00f6lli<p><\/p>\n<p>Daniel R\u00f6lli<\/p><\/td><td>Philipp Albisser<p><\/p>\n<p>Philipp Albisser<\/p><\/td><td>R\u00f6merhaufen saufen laufen<p><\/p>\n<p>De Frosch macht M\u00e4\u00e4h<\/p><\/td><\/tr><tr><td>2013\/2014<p><\/p>\n<p>2014\/2015<\/p><\/td><td>Marcel Mehr<p><\/p>\n<p>Marcel Mehr<\/p><\/td><td>Philipp Albisser<p><\/p>\n<p>Philipp Albisser<\/p><\/td><td>25 Johr Jung, Wild &amp; Sexy<p><\/p>\n<p>Tierisch Irisch<\/p><\/td><\/tr><tr><td>2015\/2016<\/td><td>Marcel Mehr<\/td><td>Eliane Dubach<\/td><td>&nbsp;Steampunk<\/td><\/tr><tr><td>2016\/2017<p><\/p>\n<p>2017\/2018<\/p><\/td><td>&nbsp;Gr\u00fcter Patrick<p><\/p>\n<p>Gr\u00fcter Patrick<\/p><\/td><td>Eliane Dubach<p><\/p>\n<p>Eliane Dubach<\/p><\/td><td>&nbsp;W\u00f6udi Horde usem Norde<p><\/p>\n<p>Drakuhla<\/p><\/td><\/tr><tr><td>2018\/2019<p><\/p>\n<p>2019\/2020<\/p><\/td><td>Gr\u00fcter Pascal<p><\/p>\n<p>Gr\u00fcter Pascal<\/p><\/td><td>Isabelle Roos<p><\/p>\n<p>Isabelle Roos<\/p><\/td><td>Fasnacht of 89<p><\/p>\n<p>GrenaTier<\/p><\/td><\/tr><tr><td>2020|2021<\/td><td>Gr\u00fcter Pascal<\/td><td>Andreas Mehr<\/td><td>&nbsp;\u00c4nzianer<\/td><\/tr><tr><td>2022\/2023<\/td><td>Kaufmann Julian<\/td><td>Andreas Mehr<\/td><td>&nbsp;\u00c4nzianer<\/td><\/tr><tr><td>\u00a02023\/2024<\/td><td>&nbsp;Kaufmann Julian<\/td><td>&nbsp;Rupp Sebastian<\/td><td>Kampfcheibe.ch<\/td><\/tr><tr><td>2024\/2025<\/td><td>Kaufmann Julian<\/td><td>Rupp Sebastian<\/td><td>\u00dcse Schatz de \u00c4rdbeerischnaps<\/td><\/tr><tr><td>2025\/2026<\/td><td>Jenni Manuel<\/td><td>Rupp Sebastian<\/td><td>Bob der Braumeister<\/td><\/tr><tr><td><\/td><td><\/td><td><\/td><td><\/td><\/tr><tr><td><\/td><td><\/td><td><\/td><td><\/td><\/tr><tr><td><\/td><td><\/td><td><\/td><td><\/td><\/tr><tr><td><\/td><td><\/td><td><\/td><td><\/td><\/tr><tr><td><\/td><td><\/td><td><\/td><td><\/td><\/tr><tr><td><\/td><td><\/td><td><\/td><td><\/td><\/tr><tr><td><\/td><td><\/td><td><\/td><td><\/td><\/tr><tr><td><\/td><td><\/td><td><\/td><td><\/td><\/tr><tr><td><\/td><td><\/td><td><\/td><td><\/td><\/tr><tr><td><\/td><td><\/td><td><\/td><td><\/td><\/tr><\/tbody><\/table><\/figure>\n\n\n\n<p><\/p>\n","protected":false},"excerpt":{"rendered":"<p>&nbsp; Jahr Pr\u00e4sident(in) Tambourmajor(in) Motto 1989\/1990 1990\/1991 Luzia Dubach Luzia Dubach Gregor Kunz Gregor Kunz Fr\u00f6sche 1001 Nacht 1991\/1992 1992\/1993 Luzia Dubach Luzia Dubach Pius Hodel Pius Hodel Karibik-Tr\u00e4ume Feuer und Eis 1993\/1994 1994\/1995 1995\/1996 1996\/1997 Bruno Gr\u00fcter Bruno Gr\u00fcter Bruno Gr\u00fcter Bruno Gr\u00fcter Pius Hodel Pius Hodel Pius Hodel Pius Hodel Hexen Totauned normau Samuarai Future in Colors 1997\/1998 Reto Bieri\/Willi R\u00f6lli Pius Hodel Bruchpilote 1998\/1999 Willi R\u00f6lli &nbsp;Pius Hodel Vogel der Nacht 1999\/2000 2000\/2001 Willi R\u00f6lli Willi R\u00f6lli &nbsp;Stefan Buob Stefan Buob &nbsp;Ocean Wave Nastrovia 2001\/2002 Willi R\u00f6lli Matthias Wermelinger Teuflisch gut 2002\/2003 2003\/2004 Philipp Wipr\u00e4chtiger Philipp Wipr\u00e4chtiger Matthias Wermelinger Matthias Wermelinger Animal Look Gr\u00fcen ond s\u00f6scht e chli scharf 2004\/2005 Philipp Wipr\u00e4chtiger Andrea Kurmann &nbsp;Steiziitig 2005\/2006 2006\/2007 &nbsp;Stefan M\u00fcller Stefan M\u00fcller Andrea Kurmann Andrea Kurmann G&#8217;houe oder G&#8217;stoche Ned besser, aber l\u00e4nger 2007\/2008 2008\/2009 &nbsp;Stefan M\u00fcller Stefan M\u00fcller Michael Hodel Michael Hodel Mer send kei R\u00f6cklitr\u00e4ger \u00c4NZGI ZW\u00c4NZGI &nbsp; 2009\/2010 2010\/2011 Daniel R\u00f6lli Daniel R\u00f6lli Michael Hodel Michael Hodel D\u00fcstere Legenden G\u00f6schenen-Airolo 2011\/2012 2012\/2013 Daniel R\u00f6lli Daniel R\u00f6lli Philipp Albisser Philipp Albisser R\u00f6merhaufen saufen laufen De Frosch macht M\u00e4\u00e4h 2013\/2014 2014\/2015 Marcel Mehr Marcel Mehr Philipp Albisser Philipp Albisser 25 Johr Jung, Wild &amp; Sexy Tierisch Irisch 2015\/2016 Marcel Mehr Eliane Dubach &nbsp;Steampunk 2016\/2017 2017\/2018 &nbsp;Gr\u00fcter Patrick Gr\u00fcter Patrick Eliane Dubach Eliane Dubach &nbsp;W\u00f6udi Horde usem Norde Drakuhla 2018\/2019 2019\/2020 Gr\u00fcter Pascal Gr\u00fcter Pascal Isabelle Roos Isabelle Roos Fasnacht of 89 GrenaTier 2020|2021 Gr\u00fcter Pascal Andreas Mehr &nbsp;\u00c4nzianer 2022\/2023 Kaufmann Julian Andreas Mehr &nbsp;\u00c4nzianer \u00a02023\/2024 &nbsp;Kaufmann Julian &nbsp;Rupp Sebastian Kampfcheibe.ch 2024\/2025 Kaufmann Julian Rupp Sebastian \u00dcse Schatz de \u00c4rdbeerischnaps 2025\/2026 Jenni Manuel Rupp Sebastian Bob der Braumeister<\/p>\n","protected":false},"author":2,"featured_media":0,"parent":0,"menu_order":3,"comment_status":"closed","ping_status":"closed","template":"","meta":{"footnotes":""},"class_list":["post-2413","page","type-page","status-publish","hentry"],"_links":{"self":[{"href":"https:\/\/www.aenzischraenzer.ch\/index.php?rest_route=\/wp\/v2\/pages\/2413","targetHints":{"allow":["GET"]}}],"collection":[{"href":"https:\/\/www.aenzischraenzer.ch\/index.php?rest_route=\/wp\/v2\/pages"}],"about":[{"href":"https:\/\/www.aenzischraenzer.ch\/index.php?rest_route=\/wp\/v2\/types\/page"}],"author":[{"embeddable":true,"href":"https:\/\/www.aenzischraenzer.ch\/index.php?rest_route=\/wp\/v2\/users\/2"}],"replies":[{"embeddable":true,"href":"https:\/\/www.aenzischraenzer.ch\/index.php?rest_route=%2Fwp%2Fv2%2Fcomments&post=2413"}],"version-history":[{"count":3,"href":"https:\/\/www.aenzischraenzer.ch\/index.php?rest_route=\/wp\/v2\/pages\/2413\/revisions"}],"predecessor-version":[{"id":15342,"href":"https:\/\/www.aenzischraenzer.ch\/index.php?rest_route=\/wp\/v2\/pages\/2413\/revisions\/15342"}],"wp:attachment":[{"href":"https:\/\/www.aenzischraenzer.ch\/index.php?rest_route=%2Fwp%2Fv2%2Fmedia&parent=2413"}],"curies":[{"name":"wp","href":"https:\/\/api.w.org\/{rel}","templated":true}]}}